Calculate y(4).
8
Let q(t) = -2*t**3 - 42*t**2 + 6. What is q(-21)?
6
Let k(i) = -i**2 - 10*i - 21. Determine k(-9).
-12
Let y(p) = 6*p + 47. What is y(-7)?
5
Let s(g) = -g**3 - 3*g**2 + 3*g - 1. Give s(-4).
3
Let t(a) = -a**2 + 4*a + 15. Give t(-3).
-6
Let c(t) = t**2 + 15*t + 80. Give c(-18).
134
Let x(t) = t**2 + 23*t - 68. What is x(-27)?
40
Let h(i) = -i**3 - 8*i**2 - 4*i + 2. Determine h(-8).
34
Let a(h) = h**3 - 8*h**2 - 5*h - 6. Give a(9).
30
Let s(v) = -2*v**3 - 3*v**2 - 3*v - 3. What is s(-2)?
7
Let r(b) = -2*b**2 + 17*b - 26. Give r(5).
9
Let m(x) = 5*x + 41. Calculate m(-5).
16
Let i(j) = j**3 + 27*j**2 + 54*j + 19. Determine i(-25).
-81
Let r(y) = -y**2 + 15*y + 17. Determine r(13).
43
Let l(p) = -p**2 + 69*p - 1190. Give l(33).
-2
Let t(f) = f**3 - 7*f**2 + 15*f - 3. Determine t(3).
6
Let v(p) = -5*p + 3. Determine v(-6).
33
Let k(b) = -b**3 + 23*b**2 - 23*b + 9. What is k(22)?
-13
Let w(m) = -m**3 - 11*m**2 - 13*m - 24. Determine w(-10).
6
Let i(j) = -j**2 + 4*j - 13. Determine i(3).
-10
Let b(g) = g**2 - 7*g - 13. Determine b(8).
-5
Let v(j) = -j**3 + 5*j**2 + 10*j - 22. Calculate v(6).
2
Let x(y) = 50*y - 3. Determine x(0).
-3
Let f(w) = -w**2 + 12*w - 9. Determine f(12).
-9
Let m(n) = n - 41. Determine m(10).
-31
Let t(b) = b**3 - 13*b**2 + 16*b - 16. Determine t(12).
32
Let y(j) = -5*j + 5. What is y(16)?
-75
Let j(v) = v**2 - 55*v + 607. What is j(40)?
7
Let q(y) = y**3 - 6*y**2 - 17*y + 3. Calculate q(8).
-5
Let k(i) = i**3 - 17*i**2 + 16*i + 6. What is k(16)?
6
Let g(k) = -k**2 + 7*k - 15. Give g(8).
-23
Let n(l) = 8*l - 16. What is n(2)?
0
Let u(k) = -k**3 - 4*k**2 + k. Determine u(-3).
-12
Let g(x) = x**2 - 9*x + 6. Calculate g(8).
-2
Let k(h) = -3*h - 1. Calculate k(-2).
5
Let z(a) = -a**3 - 15*a**2 + 32*a - 9. What is z(-17)?
25
Let p(w) = w**3 + 2*w**2 - 2*w - 1. Determine p(-2).
3
Let n(w) = 5*w - 8. What is n(-18)?
-98
Let m(d) = -5*d - 19. Determine m(-4).
1
Let l(q) = -5*q**2 - 68*q - 11. Calculate l(-14).
-39
Let w(h) = -h**3 - 8*h**2 - 2*h + 11. Determine w(-8).
27
Let k(i) = i**3 - 23*i**2 - 75*i - 77. Determine k(26).
1
Let y(u) = u**2 - 17*u - 8. Determine y(18).
10
Let q(o) = 9*o - 75. What is q(8)?
-3
Let p(f) = -f**2 - 15*f - 31. Calculate p(-10).
19
Let q(m) = -32*m**3 - m**2 + 2*m - 2. Give q(1).
-33
Let y(i) = -14*i + 1. Calculate y(-3).
43
Let h(z) = -11*z + 55. Calculate h(6).
-11
Let o(c) = c**2 + 2*c - 14. Give o(-5).
1
Let g(s) = -s**2 + 9*s - 5. Determine g(9).
-5
Let u(h) = -h**3 - 12*h**2 - 15*h - 53. Determine u(-11).
-9
Let n(g) = g + 2. Calculate n(-2).
0
Let l(j) = -j - 6. Calculate l(-6).
0
Let l(a) = -8*a**2 - 11*a. Give l(-4).
-84
Let o(t) = 10*t + 79. Calculate o(-9).
-11
Let j(y) = -2*y + 16. Determine j(-14).
44
Let s(w) = w**3 - 7*w**2 - 10. What is s(7)?
-10
Let r(j) = 3*j**2 - 5*j + 6. What is r(4)?
34
Let q(c) = c - 3. What is q(9)?
6
Let y(b) = -b**2 + 11*b + 28. Calculate y(14).
-14
Let w(q) = -4*q - 9. Determine w(-3).
3
Let f(t) = t + 24. Calculate f(-10).
14
Let j(w) = 3*w + 2. Give j(2).
8
Let x(d) = 7*d + 29. What is x(-7)?
-20
Let o(k) = 3*k**2 + 4*k + 5. Determine o(-2).
9
Let r(c) = -5*c + 12. Give r(-16).
92
Let v(n) = -4*n - 1. What is v(-2)?
7
Let u(x) = 8*x - 55. What is u(9)?
17
Let t(v) = -v**3 - 18*v**2 - 21*v - 56. Calculate t(-17).
12
Let l(i) = i**2 - 2*i + 5. Give l(-5).
40
Let u(r) = -11*r. Calculate u(1).
-11
Let l(q) = q**3 + 13*q**2 - 16*q - 46. Give l(-14).
-18
Let r(q) = 25*q**2 - 2*q + 2. Give r(1).
25
Let t(h) = -h**3 - 6*h**2 - 8*h - 5. Calculate t(-5).
10
Let l(x) = -19*x - 1. Give l(1).
-20
Let o(q) = q + 12. Determine o(-14).
-2
Let v(n) = 5*n - 2. Calculate v(6).
28
Let o(q) = 37*q - 14. What is o(-4)?
-162
Let j(b) = b**2 - 9*b + 1. Calculate j(7).
-13
Let m(n) = -n + 8. Give m(-3).
11
Let a(h) = -h**3 - 5*h**2 + 10*h - 43. Determine a(-7).
-15
Let d(u) = -u**3 + 16*u**2 + 16*u + 12. Give d(17).
-5
Let w(y) = -y**3 - 15*y**2 - 17*y - 16. What is w(-14)?
26
Let t(m) = m**2 - 28*m + 127. Determine t(22).
-5
Let r(v) = -v**3 - 11*v**2 + 21*v - 60. Calculate r(-13).
5
Let s(m) = 3*m**2 + 69*m + 19. Give s(-23).
19
Let x(m) = -3*m - 1. What is x(2)?
-7
Let x(b) = -9*b**2 + 81*b - 14. Calculate x(9).
-14
Let g(f) = 15*f + 13. What is g(-1)?
-2
Let g(b) = -2*b**3 - 25*b**2 - 15*b - 34. What is g(-12)?
2
Let u(g) = -2*g**2 + 9*g - 4. Calculate u(5).
-9
Let w(u) = -u**3 + 4*u**2 - 7*u + 22. Calculate w(3).
10
Let s(w) = w**2 - 15*w - 4. Give s(7).
-60
Let z(x) = 3*x**2 - 23*x + 27. Calculate z(8).
35
Let b(m) = 3*m + 20. Calculate b(-8).
-4
Let l(m) = m**3 - 7*m**2 + 9*m + 3. Calculate l(3).
-6
Let b(q) = q**2 + 2*q - 22. What is b(-5)?
-7
Let u(x) = -7*x + 4. Determine u(-4).
32
Let y(t) = t**2 - 6*t + 6. Calculate y(6).
6
Let s(w) = -w**2 - 29*w + 32. Give s(-30).
2
Let n(r) = -r**3 + 7*r**2 + 16*r - 54. Determine n(8).
10
Let x(g) = -3*g - 110. Calculate x(0).
-110
Let r(k) = k - 12. What is r(20)?
8
Let b(m) = -m. Determine b(7).
-7
Let o(p) = 2*p**2 - 39*p - 24. What is o(19)?
-43
Let l(d) = -4*d**2 + 7*d - 4. What is l(4)?
-40
Let u(d) = 3*d + 74. Give u(-17).
23
Let d(x) = 3*x**2 + 9*x + 5. Determine d(-3).
5
Let t(b) = -b**2 - 13*b - 9. Determine t(-8).
31
Let n(h) = -4*h + 9. Give n(7).
-19
Let y(t) = -5*t - 42. What is y(-12)?
18
Let j(c) = 3*c**3 + 73*c**2 + 23*c - 34. Give j(-24).
-10
Let v(i) = i + 26. Determine v(-22).
4
Let m(o) = -o**2 + 55*o + 568. Give m(-9).
-8
Let k(l) = -l**3 - 7*l**2 + 14*l + 42. Calculate k(-8).
-6
Let u(o) = -9*o**2 + 4*o. Calculate u(-2).
-44
Let b(a) = -2*a**2 + a - 1. What is b(-2)?
-11
Let p(d) = d + 16. What is p(-13)?
3
Let f(d) = -2*d**3 + 9*d**2 - 2*d - 9. What is f(4)?
-1
Let l(m) = -2*m + 38. Give l(17).
4
Let v(d) = 23*d**2 + 1. Determine v(-1).
24
Let o(i) = -i**2 + 3*i + 45. Determine o(-5).
5
Let v(c) = 74*c + 1. Calculate v(1).
75
Let t(z) = -3*z**2 + 28*z - 29. Calculate t(8).
3
Let w(r) = r + 32. Give w(2).
34
Let b(a) = 2*a**2 - 2*a. Determine b(1).
0
Let h(t) = 7*t**2 - 4. What is h(2)?
24
Let z(k) = k**2 + 11*k - 9. Calculate z(-4).
-37
Let r(s) = 2*s**3 - 42*s**2 + 36*s + 81. Determine r(20).
1
Let x(s) = -s - 22. Determine x(-25).
3
Let n(j) = -j**2 + 2*j + 4. Give n(4).
-4
Let u(z) = z**2 - 6*z + 8. Give u(5).
3
Let z(p) = p**2 - 5*p - 2. Determine z(7).
12
Let m(d) = d**2 + 7*d - 33. Determine m(3).
-3
Let a(y) = y**3 - 55*y**2 + 106*y + 3. Determine a(53).
3
Let y(t) = 13*t - 263. What is y(19)?
-16
Let q(h) = -2*h - 20. Determine q(-6).
-8
Let q(m) = m**3 - 8*m**2 + 6*m + 7. Calculate q(7).
0
Let i(d) = d**2 - 31*d + 33. Give i(30).
3
Let w(k) = -3*k + 4. Calculate w(4).
-8
Let b(s) = -s**2 - 9*s - 17. Give b(-6).
1
Let i(r) = -2*r**3 + 3*r**2 + r - 2. Calculate i(2).
-4
Let l(h) = -h**2 + 6*h - 2. What is l(8)?
-18
Let c(s) = -s**3 + 2*s**2 - s - 10. Calculate c(-3).
38
Let m(g) = g - 5. Calculate m(4).
-1
Let p(z) = -z**3 - 6*z**2 - 7*z - 5. Give p(-5).
5
Let x(l) = -63*l**3 - 4*l**2 + 3*l. Give x(1).
-64
Let x(j) = 67*j - 195. What is x(3)?
6
Let h(x) = x**3 + 8*x**2 + 9*x + 8. Determine h(-7).
-6
Let c(x) = -23*x - 13. What is c(-1)?
10
Let z(p) = -48*p + 333. What is z(7)?
-3
Let y(u) = -4*u + 1. Calculate y(-3).
13
Let g(b) = b**2 - 31*b - 36. Give g(32).
-4
Let s(z) = -3*z**3 - z**2 + 6*z + 1. Determine s(-3).
55
Let w(a) = 2*a**3 - 4*a**2 - a - 1. What is w(4)?
59
Let f(z) = z**2 + z - 41. What is f(13)?
141
Let l(x) = x**3 - 5*x**2 - 9*x - 3. Give l(7).
32
Let s(z) = z**2 + 14*z + 32. Determine s(-4).
-8
Let w(l) = l**2 - 15*l + 8. Calculate w(15).
8
Let h(u) = -u**2 - 6*u - 14. Give h(-3).
-5
Let x(v) = -v**3 + 2*v + 1. Determine x(-2).
5
Let q(n) = -n**3 + 8*n**2 - n - 16. Determine q(8).
-24
Let w(y) = -11*y**2 + 74*y + 22. What is w(7)?
1
Let k(u) = -4*u + 30. Determine k(11).
-14
Let p(n) = -35*n**2 + n. Determine p(-1).
-36
Let k(j) = 2*j + 12. Calculate k(-4).
4
Let g(o) = -6*o - 147. What is g(-24)?
-3
Let u(r) = 7*r - 87. What is u(7)?
-38
Let r(c) = c**2 + 33. What is r(0)?
33
Let l(s) = -5*s - 2. Determine l(1).
-7
Let k(t) = -t**2 + 31*t - 205. Calculate k(22).
-7
Let q(h) = 3*h**3 - h**2 - 3*h + 3. What is q(2)?
17
Let b(z) = -2*z**2 - 41*z + 61. Give b(-22).
-5
Let h(a) = a**3 - 52*a**2 + 505*a + 80. What is h(39)?
2
Let z(l) = 11*l**2 + l. What is z(-1)?
10
Let